{"id":7281,"date":"2012-05-03T12:27:07","date_gmt":"2012-05-03T11:27:07","guid":{"rendered":"https:\/\/www.oljo.de\/blog\/"},"modified":"2022-10-10T23:46:27","modified_gmt":"2022-10-10T21:46:27","slug":"oljo-blog-allzeit-top30-news","status":"publish","type":"page","link":"https:\/\/www.oljo.de\/blog\/oljo-blog-allzeit-top30-news\/","title":{"rendered":"Top 30 Allzeit News"},"content":{"rendered":"<p>Hier die Liste der von den Besuchern des OLJO Blogs (https:\/\/www.oljo.de\/blog) <strong>meistgelesenen Newsartikel ever<\/strong> (Zeitraum 01.01.2009 bis 02.05.2012), sowie eine kleine <strong>Besucherstatistik<\/strong>.<br \/>\nIn dem genannten Zeitraum vermittelte <strong>OLJO Blog<\/strong> insgesamt <strong>4.255.127<\/strong> Seitenaufrufe.<br \/>\n<b>Herkunft der Besucher, die Seiten beim OLJO Blog mindestens 1 Seite aufgerufen haben: <\/b><br \/>\n87,1% stammten aus Deutschland,<br \/>\n3,5% aus \u00d6sterreich,<br \/>\n3,2% aus der Schweiz,<br \/>\n0,6% aus Italien, 0,5% aus den USA, 0,5% aus Frankreich, 0,2% aus Luxemburg, 4,4% aus 199 L\u00e4nder des sonstigen Auslands. (exotischste L\u00e4nder: Mikronesien, Ost-Timor, Tonga, Falkland Inseln und Salomonen Inseln).<br \/>\n93% unserer Besucher waren deutschsprachig, 3,2% englischsprachig und 3,8% anderweitig fremdsprachig.<br \/>\n<b>Aus der Ferne: <\/b><br \/>\nMeiste Besucher aus Austral-Asien: 1. Australien \/ 2. China \/ 3. Japan<br \/>\nMeiste Besucher aus S\u00fcdamerika: 1. Brasilien \/ 2. Mexiko \/ 3. Argentinien<br \/>\nMeiste Besucher aus Afrika: 1. Namibia \/ 2. Republik S\u00fcdafrika \/ 3. Angola<br \/>\n<br \/>&nbsp;<br \/>\n\u00dcberraschend: gemessen an der Bev\u00f6lkerungszahl erreichte OLJO Blog nicht in Deutschland, sondern im reichen <strong>Liechtenstein<\/strong> die meisten Seitenaufrufe.<br \/>\nDeutsche Bundesl\u00e4nder: Gemessen an der Bev\u00f6lkerungszahl waren News vom OLJO Blog im Bundesland <strong>Berlin<\/strong> (mit 40,7% \u00fcber dem Durchschnitt) mit Abstand <strong>am beliebtesten<\/strong>.<br \/>\n<br \/>&nbsp;<br \/>\n<strong>Hier nun die Hitliste der beim OLJO Blog meistgelesenen News &#8218;aller Zeiten&#8216;:<\/strong><br \/>\n1. <a href=\"https:\/\/www.oljo.de\/blog\/alors-on-danse-stromae-deutsche-charts\/\"><b>Stromae mit Alors On Danse \u00dcberraschungshit in den deutschen Charts<\/b><\/a> (V\u00d6: 18.10.2009, <b>141.000<\/b> mal gelesen)<br \/>\n<br \/>&nbsp;<br \/>\n2. <a href=\"https:\/\/www.oljo.de\/blog\/dsds2012-top15-mottoshow-teilnehmer-staffel9-stehen-mutmasslich-fest\/\">DSDS 2012: Teilnehmer der Top 15 Mottoshow der Staffel 9 stehen fest!<\/a> (V\u00d6: 15.12.2011, 68.000 mal gelesen)<br \/>\n<br \/>&nbsp;<br \/>\n3. <a href=\"https:\/\/www.oljo.de\/blog\/taken-by-a-stranger-platz1-deutsche-charts\/\">Taken By A Stranger von Lena in den Charts<\/a> (V\u00d6: 19.02.2011, 41.000 mal gelesen)<br \/>\n<br \/>&nbsp;<br \/>\n4. <a href=\"https:\/\/www.oljo.de\/blog\/unser-star-fur-baku-jurymitglied-alina-mit-glatze\/\">USFB: Alina mit Glatze: Geil, oder krank?<\/a> (V\u00d6: 04.01.2012, 40.000 mal gelesen)<br \/>\n<br \/>&nbsp;<br \/>\n5. <a href=\"https:\/\/www.oljo.de\/blog\/lena-meyer-landrut-allzeit-rekord-download-hit\/\">Lena Meyer-Landrut: gr\u00f6\u00dfter Download Hit der deutschen Geschichte<\/a> (V\u00d6: 13.03.2010, 34.000 mal gelesen)<br \/>\n<br \/>&nbsp;<br \/>\n6. <a href=\"https:\/\/www.oljo.de\/blog\/desole-sexion-dassaut-frankreich-rap-charts-deutschland\/\">Hitwunder durch Sexion D\u2019Assaut in Deutschland! Desol\u00e9 top Chart Hit<\/a> (V\u00d6: 14.08.2010)<br \/>\n<br \/>&nbsp;<br \/>\n7. <a href=\"https:\/\/www.oljo.de\/blog\/lena-satellite-hit-nr1-europa\/\">Lenas Satellite heute Nr 1 in Europa<\/a> (V\u00d6: 13.03.2010)<br \/>\n<br \/>&nbsp;<br \/>\n8. <a href=\"https:\/\/www.oljo.de\/blog\/lena-taken-by-a-stranger-verfehlt-platz1-in-single-charts-deutschland\/\">Taken By A Stranger verfehlt offiziellen Platz 1 in Deutschland<\/a> (V\u00d6: 01.03.2011)<br \/>\n<br \/>&nbsp;<br \/>\n9. <a href=\"https:\/\/www.oljo.de\/blog\/top-10-groste-hits-deutschland-groste-schlager-seit-1949\/\">Top 10 gr\u00f6\u00dfte Hits Deutschland \u2013 die beliebtesten Schlager seit 1949<\/a> (V\u00d6: 01.01.2010)<br \/>\n<br \/>&nbsp;<br \/>\n10. <a href=\"https:\/\/www.oljo.de\/blog\/satellite-welt-nummer1-meistgesehenes-musikvideo-lena\/\">Satellite Welt Nr 1. Wird Lena Internetsensation?<\/a> (V\u00d6: 19.03.2010)<br \/>\n<br \/>&nbsp;<br \/>\n11. <a href=\"https:\/\/www.oljo.de\/blog\/lavive-popstar-deutsche-charts-no-time-for-sleeping\/\">Pro 7 Popstarsgirls LaVive krabbeln die Charts rauf. Droht Flop?<\/a> (V\u00d6: 10.12.2010)<br \/>\n<br \/>&nbsp;<br \/>\n12. <a href=\"https:\/\/www.oljo.de\/blog\/taken-by-a-stranger-video-youtube\/\">ESC 2011: Taken By A Stranger Video jetzt auch bei Youtube. Top!<\/a> (V\u00d6: 05.03.2011)<br \/>\n<br \/>&nbsp;<br \/>\n13. <a href=\"https:\/\/www.oljo.de\/blog\/taken-by-a-stranger-neuer-lena-hit-in-deutschland\/\">Taken By A Stranger der neue Lena Hit in Deutschland!<\/a> (V\u00d6: 02.02.2011)<br \/>\n<br \/>&nbsp;<br \/>\n14. <a href=\"https:\/\/www.oljo.de\/blog\/freddy-sahin-scholl-gewinnt-supertalent2010-rtl-castingshow\/\">S\u00e4nger Freddy Sahin-Scholl gewinnt RTL Show Supertalent 2010<\/a> (V\u00d6: 19.12.2010)<br \/>\n<br \/>&nbsp;<br \/>\n15. <a href=\"https:\/\/www.oljo.de\/blog\/rammstein-tokio-hotel-erfolgreichste-band-ausland\/\">Rammstein h\u00e4ngen Tokio Hotel ab: Erfolgreichste deutsche Band im Ausland!<\/a> (V\u00d6: 24.10.2009)<br \/>\n<br \/>&nbsp;<br \/>\n16. <a href=\"https:\/\/www.oljo.de\/blog\/lena-good-news-album-preissenkung-auf-5euro\/\">Lena Fans staunen nicht schlecht: Good News Album kostet nur noch 5 Euro<\/a> (V\u00d6: 11.11.2011)<br \/>\n<br \/>&nbsp;<br \/>\n17. <a href=\"https:\/\/www.oljo.de\/blog\/deutsche-charts-unheilig-geboren-um-zu-leben\/\">Top 10: Unheilig Fans &#8218;treiben&#8216; Geboren Um Zu Leben in die deutschen Charts<\/a> (V\u00d6: 30.01.2010)<br \/>\n<br \/>&nbsp;<br \/>\n18. <a href=\"https:\/\/www.oljo.de\/blog\/justin-bieber-one-time-deutsche-charts\/\">Jungstar Justin Bieber aus Kanada neu in den deutschen Charts<\/a> (V\u00d6: 24.08.2009)<br \/>\n<br \/>&nbsp;<br \/>\n19. <a href=\"https:\/\/www.oljo.de\/blog\/fusball-wm-2010-erster-kleiner-hit\/\">Fusball WM 2010: Erster Hit schaffts in die deutschen Charts<\/a> (V\u00d6: 04.12.2009)<br \/>\n<br \/>&nbsp;<br \/>\n20. <a href=\"https:\/\/www.oljo.de\/blog\/spannung-um-lena-album-my-cassette-player-neue-chartrekorde-moglich\/\">Spannung um Lenas Albumver\u00f6ffentlichung: Neue Chart Rekorde m\u00f6glich?<\/a> (V\u00d6: 04.05.2010)<br \/>\n<br \/>&nbsp;<br \/>\n21. <a href=\"https:\/\/www.oljo.de\/blog\/lena-album-good-news-platz1-deutsche-charts\/\">Lena Album Good News auf Platz 1 der offiziellen deutschen Album Charts. Bald Platin?<\/a> (V\u00d6: 15.02.2011)<br \/>\n22. <a href=\"https:\/\/www.oljo.de\/blog\/riaa-grosangriff-auf-lena-bee-love-me-geloscht\/\">RIAA Gro\u00dfangriff auf Lena. Auch Bee und Love Me von L\u00f6schung betroffen!<\/a> (V\u00d6: 02.04.2010)<br \/>\n23. <a href=\"https:\/\/www.oljo.de\/blog\/mark-medlock-dsds-star-sony-rausgeschmissen\/\">DSDS Star Mark Medlock von Plattenfirma Sony rausgeschmissen?<\/a> (V\u00d6: 10.02.2010)<br \/>\n24. <a href=\"https:\/\/www.oljo.de\/blog\/satellite-lena-meyer-landrut-charts-deutschland\/\">Satellite von Lena Meyer-Landrut in den Charts<\/a> (V\u00d6: 13.03.2010)<br \/>\n25. <a href=\"https:\/\/www.oljo.de\/blog\/saellite-lena-eurovision-charts-england\/\">UK Charts: Satellite bei iTunes England freigeschaltet, Lena in Top 50<\/a> (V\u00d6: 31.03.2010)<br \/>\n26. <a href=\"https:\/\/www.oljo.de\/blog\/lady-gaga-verfehlt-platz1-england-adele-vorn\/\">Sensation: Lady Gaga verfehlt Platz 1 in England. Adele vorn!<\/a> (V\u00d6: 21.02.2011)<br \/>\n27. <a href=\"https:\/\/www.oljo.de\/blog\/rtl-verschweigt-lena-meyer-landruts-existenz\/\">RTL Medien verschweigen Lena Meyer-Landruts Existenz!<\/a> (V\u00d6: 15.03.2010)<br \/>\n28. <a href=\"https:\/\/www.oljo.de\/blog\/daniel-schuhmacher-neue-single-honestly\/\">Daniel Schuhmacher mit neuer Single Honestly<\/a> (V\u00d6: 19.09.2009)<br \/>\n29. <a href=\"https:\/\/www.oljo.de\/blog\/dsds2011-madchen-debakel-top15-show-wer-ist-rausgeflogen\/\">DSDS 2011 RTL: Das M\u00e4dchen Debakel der Top 15 Show<\/a> (V\u00d6: 20.02.2011)<br \/>\n30. <a href=\"https:\/\/www.oljo.de\/blog\/stromae-hitgeschichte-platz1-deutschland-frankreich\/\">Stromae schreibt unglaubliche Hit Geschichte: Platz 1 in Deutschland UND Frankreich<\/a> (V\u00d6: 09.03.2010)<\/p>\n","protected":false},"excerpt":{"rendered":"<p>Hier die Liste der von den Besuchern des OLJO Blogs (https:\/\/www.oljo.de\/blog) meistgelesenen Newsartikel ever (Zeitraum 01.01.2009 bis 02.05.2012), sowie eine kleine Besucherstatistik. In dem genannten Zeitraum vermittelte OLJO Blog insgesamt&#8230;<\/p>\n","protected":false},"author":2,"featured_media":0,"parent":0,"menu_order":0,"comment_status":"open","ping_status":"open","template":"","meta":{"footnotes":""},"class_list":["post-7281","page","type-page","status-publish","hentry"],"jetpack-related-posts":[{"id":6,"url":"https:\/\/www.oljo.de\/blog\/about\/","url_meta":{"origin":7281,"position":0},"title":"Das OLJO-Team","author":"OLJO-Team","date":"12. April 2007","format":false,"excerpt":"Hallo, hier ist das OLJO-Team. Mittlerweile arbeiten mehrere Personen an diesem Blog. Beitr\u00e4ge schreiben f\u00fcr das Team im Kollektiv: Sandra, Lars z.Zt. inaktiv, Dean und Olaf. Ab Februar 2010 fest im Team auch Susanne und Malte. Kommentarverwaltung und Gegenlesen: Dean, Sandra und Olaf. Offizieller Inhaber des Blogs ist Olaf. Wir\u2026","rel":"","context":"In &quot;Vermischtes&quot;","block_context":{"text":"Vermischtes","link":"https:\/\/www.oljo.de\/blog\/themen\/vermischtes\/"},"img":{"alt_text":"","src":"","width":0,"height":0},"classes":[]},{"id":11825,"url":"https:\/\/www.oljo.de\/blog\/datenschutzerklaerung\/","url_meta":{"origin":7281,"position":1},"title":"Datenschutzerkl\u00e4rung","author":"OLJO-Team","date":"9. Juli 2018","format":false,"excerpt":"Wer wir sindDie Adresse unserer Website ist: https:\/\/www.oljo.de\/blog.Welche personenbezogenen Daten wir sammeln und warum wir sie sammelnKommentareWenn Besucher Kommentare auf der Website schreiben, sammeln wir die Daten, die im Kommentar-Formular angezeigt werden, au\u00dferdem die IP-Adresse des Besuchers und den User-Agent-String (damit wird der Browser identifiziert), um die Erkennung von Spam\u2026","rel":"","context":"\u00c4hnlicher Beitrag","block_context":{"text":"\u00c4hnlicher Beitrag","link":""},"img":{"alt_text":"","src":"","width":0,"height":0},"classes":[]},{"id":1285,"url":"https:\/\/www.oljo.de\/blog\/top-10-groste-hits-deutschland-groste-schlager-seit-1949\/","url_meta":{"origin":7281,"position":2},"title":"Top 10 gr\u00f6\u00dfte Hits Deutschland &#8211; gr\u00f6\u00dfte Schlager seit 1949","author":"OLJO-Team","date":"1. Oktober 2009","format":false,"excerpt":"Aus Anla\u00df des Tags der Deutschen Einheit am 03.10.2009 hat der Fernsehsender ARD seine Zuschauer befragt, welche deutschen Schlager bzw. Popsongs, die seit Gr\u00fcndung der Bundesrepublik ver\u00f6ffentlicht wurden, die beliebtesten sind. Ergebnis war eine Top 30 Liste, die auch Hits aus den heutigen Bundesl\u00e4ndern enth\u00e4lt, die fr\u00fcher die \"DDR\" ausmachten.\u2026","rel":"","context":"In &quot;Charts Deutschland aktuell&quot;","block_context":{"text":"Charts Deutschland aktuell","link":"https:\/\/www.oljo.de\/blog\/themen\/chart-news-international\/charts-deutschland-aktuell\/"},"img":{"alt_text":"","src":"","width":0,"height":0},"classes":[]},{"id":9788,"url":"https:\/\/www.oljo.de\/blog\/rap-konferenz-top-20-power-play\/","url_meta":{"origin":7281,"position":3},"title":"Rap Konferenz Top 20 Power Play!","author":"OLJO-Team","date":"12. Februar 2014","format":false,"excerpt":"RAP KONFERENZ TOP 20 OLJO Rap Video Power Play jetzt starten: Die besten und beliebtesten Rap Hits! Die 20 von deutschsprachigen Besuchern von OLJO.de in der letzten Woche meistgesehenen Youtube Musikvideos aus dem Musikbereich 'Rap, deutsche K\u00fcnstler'. Deutsch-, oder englischsprachig, musikgenre\u00fcbergreifend (HipHop, Dance, ggf. Party Schlager). Ermittlungszeitraum ist immer der\u2026","rel":"","context":"\u00c4hnlicher Beitrag","block_context":{"text":"\u00c4hnlicher Beitrag","link":""},"img":{"alt_text":"","src":"https:\/\/i0.wp.com\/www.oljo.de\/270vidpic\/MARTEROMG71.jpg?resize=350%2C200&ssl=1","width":350,"height":200},"classes":[]},{"id":345,"url":"https:\/\/www.oljo.de\/blog\/bundesvision-song-contest2009-videos\/","url_meta":{"origin":7281,"position":4},"title":"Bundesvision Song Contest 2009 Videos","author":"OLJO-Team","date":"25. Januar 2009","format":false,"excerpt":"Bundesvision Song Contest 2009, die Teilnehmer Am Freitag, dem 13.02.2009, steigt in der Metropolishalle im Filmpark Babelsberg bei Potsdam mal wieder der Bundesvision Song Contest (BuViSoCo) des Fernsehsenders Pro 7. 16 Teilnehmer, f\u00fcr jedes Bundesland einer, k\u00e4mpfen um die Gunst, d.h. um die Votings des Fernsehpublikums. Folgende K\u00fcnstler und Songs\u2026","rel":"","context":"In &quot;Charts Deutschland aktuell&quot;","block_context":{"text":"Charts Deutschland aktuell","link":"https:\/\/www.oljo.de\/blog\/themen\/chart-news-international\/charts-deutschland-aktuell\/"},"img":{"alt_text":"","src":"","width":0,"height":0},"classes":[]},{"id":9779,"url":"https:\/\/www.oljo.de\/blog\/power-play-clubbing-oljo-dance-hits-musikvideos-top-50\/","url_meta":{"origin":7281,"position":5},"title":"Dance &#038; House Top 50 Power Play. Dance Hits aktuell!","author":"OLJO-Team","date":"12. Februar 2014","format":false,"excerpt":"[su_box title=\"OLJO POWER PLAY CLUBBING\" style=\"noise\" box_color=\"#eeeeee\" title_color=\"#111111\" radius=\"5\"]Dance Musikvideo Top 50 der Woche im Endlos-Mix f\u00fcr Deine Party[\/su_box] Dance & House Top 50 Power Mix Woche 9\/2015 by OLJO: Die ultimative und brandaktuelle Dance TOP 50 der von Besuchern von oljo.de an diesem Wochenende (15.02.15 - 21.02.15) meistangesehenen clubtauglichen\u2026","rel":"","context":"\u00c4hnlicher Beitrag","block_context":{"text":"\u00c4hnlicher Beitrag","link":""},"img":{"alt_text":"","src":"","width":0,"height":0},"classes":[]}],"jetpack_sharing_enabled":true,"_links":{"self":[{"href":"https:\/\/www.oljo.de\/blog\/wp-json\/wp\/v2\/pages\/7281","targetHints":{"allow":["GET"]}}],"collection":[{"href":"https:\/\/www.oljo.de\/blog\/wp-json\/wp\/v2\/pages"}],"about":[{"href":"https:\/\/www.oljo.de\/blog\/wp-json\/wp\/v2\/types\/page"}],"author":[{"embeddable":true,"href":"https:\/\/www.oljo.de\/blog\/wp-json\/wp\/v2\/users\/2"}],"replies":[{"embeddable":true,"href":"https:\/\/www.oljo.de\/blog\/wp-json\/wp\/v2\/comments?post=7281"}],"version-history":[{"count":1,"href":"https:\/\/www.oljo.de\/blog\/wp-json\/wp\/v2\/pages\/7281\/revisions"}],"predecessor-version":[{"id":12169,"href":"https:\/\/www.oljo.de\/blog\/wp-json\/wp\/v2\/pages\/7281\/revisions\/12169"}],"wp:attachment":[{"href":"https:\/\/www.oljo.de\/blog\/wp-json\/wp\/v2\/media?parent=7281"}],"curies":[{"name":"wp","href":"https:\/\/api.w.org\/{rel}","templated":true}]}}