{"id":9626,"date":"2014-01-30T20:04:02","date_gmt":"2014-01-30T19:04:02","guid":{"rendered":"https:\/\/www.oljo.de\/blog\/?page_id=9626"},"modified":"2014-02-01T18:26:45","modified_gmt":"2014-02-01T17:26:45","slug":"deutsche-musik-stars-2014-meiste-facebook-likes-januar2014","status":"publish","type":"page","link":"https:\/\/www.oljo.de\/blog\/deutsche-musik-stars-2014-meiste-facebook-likes-januar2014\/","title":{"rendered":"Deutsche Musik Stars mit meisten Facebook Likes 2014 \/ Januar"},"content":{"rendered":"<p><strong>OLJO pr\u00e4sentiert die offizielle Liste: bei Facebook beliebteste deutsche Musik Stars 2014 (Januar 2014)<\/strong><br \/>\nStand der Datenerhebung ist der 29.01.2014. Beliebtheitsma\u00dfstab ist die Zahl der auf den jeweiligen offiziellen Profilen von Facebook angegeben Zahl der &#8218;Likes&#8216;. Aktivit\u00e4tsindex: Grundlage ist der &#8217;sprechen dar\u00fcber Wert&#8216; in der Woche 24.01. bis 30.01.14:<\/p>\n<h2>Die gro\u00dfen Top 5 deutschen Musik &#8218;Mega-Stars&#8216; bei Facebook:<\/h2>\n<hr>\n<p>Mit <strong>8,3 Mio<\/strong> Likes durch Nutzer des kommerziellen sozialen Netzwerks <strong>Facebook<\/strong> liegt die Rock Band <strong>Rammstein<\/strong> auf Platz 1. Rammstein liegen weit vor allen anderen deutschen Musikacts. Aktivit\u00e4tsindex: 3,6 (<i>Ein Wert unter 5,0 bedeutet &#8218;dieser Musik Act ist schon l\u00e4nger nicht mehr im Musikbusiness bzw Entertainmentbereich allgemein aktiv&#8216;<\/i>).<\/p>\n<hr>\n<p>Es folgt die Hannoveraner Rockveteranen-Band <strong>The Scorpions<\/strong> auf Platz 2 mit <strong>4,5 Mio Likes<\/strong>. Aktivit\u00e4tsindex: 15,0.<\/p>\n<p>Rang 3 belegt die Pop\/Rock Band <strong>Tokio Hotel<\/strong> mit <strong>3,61 Mio<\/strong> FB Likes. Aktivit\u00e4tsindex: 12,5. <i>Fast ausschliesslich Likes nicht-deutschsprachiger Facebook User<\/i><\/p>\n<p>Platz 4 geht an das Dance Projekt <strong>Cascada<\/strong> (<strong>2,36 Mio<\/strong> Likes). Aktivit\u00e4tsindex: 10,2.<\/p>\n<p>Auf Platz 5 folgt der vor allem in den USA erfolgreiche deutsch-russische Dance-Musikprodzent <strong>Zedd<\/strong> (2,2 Mio Likes). Aktivit\u00e4tsindex: 134,4 (<i>wahrscheinlich Grammy Preis Effekt<\/i>).<br \/>\n<strong>The international starproducer Zedd<\/strong>:<\/p>\n<div id=\"fb-root\"><\/div>\n<p> <script>(function(d, s, id) { var js, fjs = d.getElementsByTagName(s)[0]; if (d.getElementById(id)) return; js = d.createElement(s); js.id = id; js.src = \"\/\/connect.facebook.net\/de_DE\/all.js#xfbml=1\"; fjs.parentNode.insertBefore(js, fjs); }(document, 'script', 'facebook-jssdk'));<\/script><\/p>\n<div class=\"fb-post\" data-href=\"https:\/\/www.facebook.com\/photo.php?fbid=393773333985632&amp;set=a.154572974572337.34372.107281645968137&amp;type=1\" data-width=\"466\">\n<div class=\"fb-xfbml-parse-ignore\"><a href=\"https:\/\/www.facebook.com\/photo.php?fbid=393773333985632&amp;set=a.154572974572337.34372.107281645968137&amp;type=1\">Beitrag<\/a> von <a href=\"https:\/\/www.facebook.com\/Zedd\">Zedd<\/a>.<\/div>\n<\/div>\n<hr>\n<p><i>Bei allen 5 Acts vermuten wir den Anteil von Likes durch nicht-deutschsprachige Facebook-Usern bei mehr als 80%. Bei Zedd und Rammstein d\u00fcrften es wahrscheinlich sogar mehr als 90% sein. Bei Tokio Hotel sind es m\u00f6glicherweise gar mehr als 95%. Zedd ist aktuell der Einzige der Top 5, der erheblich viele neue Likes deutscher Facebook User abbekommt.<\/i><\/p>\n<p><strong>1,97 Mio<\/strong> Likes kann der neuerdings bei Dieter Bohlen in die DSDS-Juror Lehre gehende Pop-Rapper <strong>Kay One<\/strong> aufweisen (Platz 6). Aktivit\u00e4tsindex: <strong>750,8<\/strong> (<i>DSDS Effekt usw..derzeit &#8218;angesagtester Musikstar&#8216; in Deutschland! Aktuell eines der h\u00f6chsten FB Aktivit\u00e4tsniveaus eines Musikstars mit mehr als 1 Mio Likes weltweit!<\/i>).<\/p>\n<p>Mit 1,96 Mio liegt der, wie Kay One ebenfalls fast ausschliesslich von deutschsprachigen Jugendlichen gelike-te Pop-Rapper <strong>Cro<\/strong> auf Rang 7. Aktivit\u00e4tsindex: 38,4 (<i>&#8218;Ist Cro = Psaikodino&#8216; Effekt&#8230;<\/i>).<br \/>\n (<i>Erst vor wenigen Tagen ist Kay One bei der Gesamtzahl der Likes an Cro vorbeigezogen)<\/i><\/p>\n<hr>\n<p><b>Jeweils zwischen 1 Mio und knapp 2 Mio Likes haben (&#8218;Top Stars&#8216;):<\/b><br \/>\n<strong>Unheilig<\/strong> (1,7 Mio, Platz 8), Pop &#8211; schlager\u00e4hnlich, Aktivit\u00e4tsindex: 10,8 (<i>schon l\u00e4nger andauernde &#8218;Geringaktivit\u00e4t&#8216;<\/i>).<br \/>\n<strong>Bushido<\/strong> (1,5 Mio, Platz 9), Rap, Aktivit\u00e4tsindex: 89,3.<br \/>\n<strong>Farid Bang<\/strong> (1,3 Mio, Platz 10), Rap, Aktivit\u00e4tsindex: 87,4.<br \/>\n<strong>Kollegah<\/strong> (1,22 Mio, Platz 11), Rap, Aktivit\u00e4tsindex: 120,8.<br \/>\n<strong>Sido<\/strong> (1,21 Mio, Platz 12), Rap, Aktivit\u00e4tsindex: 16,1 (<i>Aktivit\u00e4tsabsturz. niedrigster f\u00fcr Sido je gemessener Wert. Ende 2013 noch \u00fcber 60,0<\/i>).<br \/>\n<strong>Xavier Naidoo<\/strong> (1,15 Mio, Platz 13), Pop-Soul, Aktivit\u00e4tsindex: 11,8.<br \/>\n<strong>Die Toten Hosen<\/strong> (1,0 Mio, Platz 14), Rock, Aktivit\u00e4tsindex: 8,0.<\/p>\n<hr>\n<p><b>0,4 bis 1,0 Mio Likes erhielten folgende FB K\u00fcnsterprofile (&#8218;Stars, Klasse I&#8216;):<\/b><br \/>\n<strong>Culcha Candela<\/strong> (0,91 Mio, Platz 15), Pop-Dance-Rap, Aktivit\u00e4tsindex: 8,8.<br \/>\n<strong>Casper<\/strong> (0,83 Mio, Platz 16), Rap, Aktivit\u00e4tsindex: 27,0.<br \/>\n<strong>Eko Fresh<\/strong> (0,8 Mio, Platz 17), Rap, Aktivit\u00e4tsindex: 84,2.<br \/>\n<strong>Peter Fox<\/strong> (0,79 Mio, Platz 18), Rap, Aktivit\u00e4tsindex: 3,0. <i>Vorwiegend historische &#8218;inaktive Facebook-Likes&#8216;<\/i>.<br \/>\n<strong>Fard<\/strong> (0,77 Mio, Platz 19), Rap, Aktivit\u00e4tsindex: 44,2.<br \/>\n<strong>Clueso<\/strong> (0,76 Mio, Platz 20), Pop, Aktivit\u00e4tsindex: 2,5.<br \/>\n<strong>Deichkind<\/strong> (0,73 Mio, Platz 21), Rap, Aktivit\u00e4tsindex: 5,8.<br \/>\n<strong>Pietro Lombardi<\/strong> (0,714 Mio, Platz 22), Pop, Aktivit\u00e4tsindex: 37,8.<br \/>\n<strong>Kraftwerk<\/strong> (0,713 Mio, Platz 23), Electronica, Aktivit\u00e4tsindex: 8,0.<br \/>\n<strong>K.I.Z.<\/strong> (0,69 Mio, Platz 24), Rap, Aktivit\u00e4tsindex: 33,9.<br \/>\n<strong>Haftbefehl<\/strong> (0,675 Mio, Platz 25), Rap, Aktivit\u00e4tsindex: 40,0.<br \/>\n<strong>Seeed<\/strong> (0,672 Mio, Platz 26), Urban, Rap, Aktivit\u00e4tsindex: 19,6.<br \/>\nBei Facebook Usern beliebteste weibliche deutsche Solo-Musikacts sind: <strong>Lena Meyer-Landrut<\/strong> (660.000 FB Likes, Platz 27, Aktivit\u00e4tsindex: 26,6), Pop, und Helene Fischer: <strong>610.000<\/strong> (Platz 30, Aktivit\u00e4tsindex: 36,3), Schlager. Im Laufe dieses Jahres wird die Fischer Eurovision Lena wohl \u00fcberholen. Beide verfehlen aber die Top 20&#8230;<br \/>\n<strong>KC Rebell<\/strong> (0,62 Mio, Platz 28), Rap,<br \/>\n<strong>Gentleman<\/strong> (0,618 Mio, Platz 29), Rap\/HipHop\/Reggae,<br \/>\n<strong>Tim Bendzko<\/strong> (0,58 Mio, Platz 31), Pop,<br \/>\n<strong>Fler<\/strong> (0,579 Mio, Platz 32), Rap,<br \/>\n<strong>Marteria<\/strong> (0,56 Mio, Platz 33), Rap, Aktivit\u00e4tsindex: 119,5 (<i>frisch erschienene neue Single &#038; Video<\/i>).<br \/>\n<strong>Silbermond<\/strong> (0,54 Mio, Platz 34), Pop-Rock,<br \/>\n<strong>Summer Cem<\/strong> (0,48 Mio, Platz 35), Rap,<br \/>\n<strong>Sammy DeLuxe<\/strong> (0,47 Mio, Platz 36), Rap,<br \/>\n<strong>Massiv<\/strong> (0,45 Mio, Platz 37), Rap<br \/>\n<strong>Sportfreunde Stiller<\/strong> (0,44 Mio, Platz 38), Pop-Rock,<br \/>\n<strong>Prinz Pi<\/strong> (0,43 Mio, Platz 39), Rap,<br \/>\n<strong>Beatsteaks<\/strong> (0,403 Mio, Platz 40), Rock, Aktivit\u00e4tsindex 9,0.<\/p>\n<hr>\n<p><b>Ausserdem noch bekannte bei FB gut mit Likes versorgte deutsche Musik Stars 2014 (30.Januar 2014) (&#8218;Stars, Klasse II&#8216;):<\/b><br \/>\n<strong>Kraftklub<\/strong> 0,402 Mio, Rock, 41, Aktivit\u00e4tsindex 3,0.<br \/>\n<strong>Alligatoah<\/strong> 0,39 Mio, Rap, 42<br \/>\n<i>B\u00f6hse O. (0,385 Mio, unplatziert), Rock<\/i><br \/>\n<strong>Jan Delay<\/strong> 0,376 Mio, Rap, 43<br \/>\n<strong>Peter Maffay<\/strong> 0,344 Mio, Pop-Rock, 44, Aktivit\u00e4tsindex: 39,5 (<i>vergleichsweise geringere Aktivit\u00e4t trotz erneuter Album Nummer 1)<\/i>.<br \/>\n<i>Ardian Bujupi<\/i> (0,561 Mio), R&#038;B Dance, ~, (<i>unplatziert, da meiste Likes aus der Stadt Tirana, Albanien&#8230;die k\u00f6nnen jedoch kein Deutsch dort, daher listen wir diesen Account wegen eines &#8218;gewissen Verdachtes&#8216; nicht offiziell!<\/i>)<br \/>\nHerbert Gr\u00f6nemeyer (0,324 Mio), Pop, 45<br \/>\nCelo &#038; Abdi (0,323 Mio), Rap, 46<br \/>\nSarah Engels (0,32 Mio), Pop, 47<br \/>\nMoTrip (0,304 Mio), Rap, 48<br \/>\nSchwesta Ewa (0,298 Mio), Rap, 49<br \/>\nCapo (0,297 Mio), Rap, 50<br \/>\nSarah Connor (0,292 Mio), Pop\/Soul, 51<br \/>\nMax Herre (0,291 Mio), Rap, 52<br \/>\nNneka (0,291 Mio), Afro-Pop-HipHop, 53, <i>vorwiegend Likes Nicht-deutscher Facebook-User<\/i>, Aktivit\u00e4tsindex: 7,5.<br \/>\nAndrea Berg (0,29 Mio), Schlager, 54, Aktivit\u00e4tsindex: 71,3.<br \/>\nMc Fitti (0,287 Mio), Rap, 55<br \/>\n.<br \/>\n<i>ab hier folgen &#8218;<b>Stars der Klassen III-V<\/b>&#8218;! (III: >200k bis 285k, IV: >150k bis 200k, V: 100k bis 150k)<\/i><br \/>\n.<br \/>\nAlpa Gun (0,274 Mio), Rap, ~,<br \/>\nDie Atzen (0,27 Mio), Rap-Schlager, ~,<br \/>\n.<br \/>\n.<br \/>\nNena (0,24 Mio), Pop, ~, Aktivit\u00e4tsindex: 12,0.<br \/>\n.<br \/>\nPA Sports (0,21 Mio), Rap, ~,<br \/>\n.<br \/>\n.<br \/>\nMenderes Bagci (0,12 Mio), Dance, ~. Aktivit\u00e4tsindex: <strong>908,0<\/strong> (<i>DSDS Effekt!<\/i>).<\/p>\n<hr>\n<p><i>Die Top 40 Liste und weiter hier Aufgef\u00fchrtes erhebt keinerlei Anspruch auf Vollst\u00e4ndigkeit! Eventuell noch fehlende Acts werden nachgetragen. Ende Februar erscheint eine aktualisierte Liste, die dann auch die Youtubeaktivit\u00e4ten der Acts (soweit vorhanden) einbezieht.<\/i><\/p>\n<hr>\n<p><strong>Erl\u00e4uterung &#8218;Aktivit\u00e4tsindex&#8216;<\/strong>:<\/p>\n<blockquote><p>\nDer neben <strong>&#8218;Aktivit\u00e4tsindex:&#8216;<\/strong> gegebenenfalls angegebene Wert, ist ein Wert, der sich aus folgender Rechnung ergibt: Zahl der Personen, die dar\u00fcber sprechen (gem\u00e4\u00df den akutellsten Angaben auf dem Facebook Infoblock &#8218;Gef\u00e4llt Mir&#8216;) <strong>geteilt<\/strong> durch Anzahl der Facebook Likes des betreffenden Profils insgesamt; Ergebnis <strong>multipliziert mit 1000<\/strong>.<br \/>\nAktivit\u00e4ts-Werte l\u00e4ngerfristig unter 20 sind ein Hinweis auf eine stotternde Karriere im Musikbusiness. Ein Aktivit\u00e4tsindex unter 10, aber besonders unter 5,0 bedeutet &#8218;dieser Musikact ist weitgehend inaktiv, d.h. gab schon l\u00e4nger keine Konzerte mehr, brachte keine Platten-, oder Videover\u00f6ffentlichungen heraus und hatte auch keine irgendwie geartete TV Pr\u00e4senz&#8230;). <\/p><\/blockquote>\n<hr>\n<p><strong>Mehrere Dutzend<\/strong> deutsche Musikacts weisen <strong>zwischen 100.000 und 300.000 Mio Facebook Likes<\/strong> auf. Viele davon sind Rap Acts. Mehr als 100.000 Facebook Likes haben wahrscheinlich um die 80 bis 100 deutsche Musik Acts.<br \/>\nDeutsche Entertainment Acts, die vorwiegend durch ihre Youtube Comedy Pr\u00e4senz bekannt geworden sind und glegentlich Musiktitel ver\u00f6ffentlichen, sind von uns nicht gelistet worden. (Y-Titty (0,87 Mio), Die Aussenseiter (0,57 Mio) usw..). Facebook Accounts ausl\u00e4ndischer Musik Stars, die mutma\u00dflich deutlich mehr als 50% ihrer Likes deutschen Youtubenutzern zu verdanken haben sind u.a. die von Luca H\u00e4nni (0,384 Mio, Pop) und Beatrice Egli (0,379 Mio, Schlager).<br \/>\nKeine FB Pr\u00e4senz betreibt die beliebte Rockband Die \u00c4rzte. Der bekannte deutsche Rapper <strong>Kool Savas<\/strong> hat k\u00fcrzlich seinen FB Account (\u00fcber 650.000 Likes) <strong>gel\u00f6scht<\/strong>. Von den erw\u00e4hnten Acts weisen die Accounts von Rammstein, The Scorpions, Cascada, Zedd und Nneka mutma\u00dflich mehrheitlich Likes durch nicht-deutschsprachige Facebook-User auf (<i>eigene sachlich begr\u00fcndete Vermutung<\/i>). <\/p>\n<p>Grunds\u00e4tzlich l\u00e4sst sich sagen, dass aktuelle deutsche Musik Stars bzw. Musik Acts mit mehr als 100.000 Likes bei entsprechender Betreuung des Accounts gute Aussichten auf nennenswerten Verdienst (mindestens Lebensunterhalt) erwarten k\u00f6nnen (Konzertkartenverkauf, Merchandiseabsatz, Plattenverkauf und Streaming-Einnahmen z.B. Youtube usw.). Schon ab ca. 50.000 Likes ist eine zumindest wochenweise Platzierung in den deutschen Album Charts Top 10 m\u00f6glich. Je nach Musikrichtung und je nachdem ob es sich um eine Band, oder um einen Solok\u00fcnstler handelt, ist da auch schon auf Zeit der Lebensunterhalt halbwegs gesichert. Platz 1 in den Album Charts ist ohne Fernsehwerbung bzw. Fernsehpr\u00e4senz aber im Grunde erst ab etwa um die 100.000 Facebook Likes m\u00f6glich. Ab 500.000 Likes ist eine Album Nummer 1 Platzierung zumindest f\u00fcr die Ersterscheinungswoche eines Albums derartig bei Facebook pr\u00e4senter deutscher Musik-Acts ziemlich wahrscheinlich. Dabei ist wichtig anzumerken, dass der &#8218;Facebook-Aktivit\u00e4tsindex&#8216; eine Wirkung auf die kommerzielle Verwertbarkeit der Likes hat. Ausserdem sollte nicht vergessen werden, dass es sein kann, dass der ein, oder andere, bei der Zahl der Facebook Likes f\u00fcr seinen Account &#8218;ein bisschen&#8216; mit dem Einkauf von Likes auf einschl\u00e4gigen oft asiatischen Internetseiten nachgeholfen hat. Bei fast allen hier aufgef\u00fchrten deutschen Musik Acts ist das jedoch <strong>nicht nachweisbar<\/strong>.<br \/>\n<strong>Extrem auffallend<\/strong> ist, dass sich in unserer Top 40 Liste der deutschen Musik Stars 2014 mit den meisten Facebook Likes nur geradezu j\u00e4mmerliche <strong>5% (also 2) weibliche Solo Acts<\/strong> befinden (Lena Meyer-Landrut und Helene Fischer). Der geringe Frauenanteil ist im internationalen Vergleich extrem nach unten abweichend. \u00dcberproportional ist hingegen die hohe Zahl von Rap\/Hip Hop Acts in den Top 40. Mit 60% f\u00e4llt der &#8218;Rap&#8216; Anteil in den Top 40 ausgesprochen beeindruckend aus. Gerade in der Rap Musik spielen weibliche K\u00fcnstler praktische halt keine Rolle.<\/p>\n<p><strong>Fazit:<\/strong><br \/>\nDie oben aufgef\u00fchrte Top 40 Musikstar Liste zeigt deutlich, dass in Deutschland geradezu ein Vakuum besteht: n\u00e4mlich an &#8218;Leuten&#8216;, die <strong>Singen k\u00f6nnen<\/strong> und aktuell auch gerade <strong>&#8218;bei J\u00fcngeren&#8216; beliebt sind<\/strong>. Bezeichnend ist, dass die Top 4 Acts &#8218;ziemlich tot (im Sinne von aktiv im Musikbusiness) sind&#8216;. Nur etwa 10% der Top 40 sind K\u00fcnstler, die halbwegs <strong>tats\u00e4chlich singen k\u00f6nnen<\/strong> und deren Facebook Account noch dazu einen <strong>Mindest-Aktivit\u00e4tsindex von mehr als 20,0<\/strong> aufweist.<br \/>\nUnter ihnen aktuell <strong>relativ am angesagtesten<\/strong> ist nat\u00fcrlich <strong>Helene Fischer<\/strong>. <\/p>\n<p>Die Liste zeigt auch, wie stark derzeit der Geschmack der &#8218;jungen Leute&#8216; von dem der &#8218;\u00c4lteren&#8216; abweicht. (Facebook wird noch immer stark mehrheitlich von Personen unter 30 Jahre genutzt). Rap beherrscht bei Facebook Usern aus Deutschland ganz klar mit absoluter Mehrheit die Szene. Nur noch Acts, die aus dem TV Musikcastingbereich stammen (DSDS) k\u00f6nnen da zumindest im Ansatz mithalten. Allerdings k\u00f6nnen durch DSDS bekannte Stars ihre Facebook-Bekanntheit kommerziell nicht dauerhaft umsetzen. Den Rap Acts hingegen gelingt das vergleichsweise gut, obwohl sie sogar meistens nicht mal einen Vertrag mit einem der 3 gro\u00dfen Musikkonzerne haben. Apropos Musikkonzerne: der Anteil ihrer K\u00fcnstler an der oben aufgef\u00fchrten Top 40 Liste der bei Facebook beliebtesten deutschen Musikacts ist vor allem bei aktuell auch beliebten Acts verschwindend gering, wenn man bedenkt wie umf\u00e4nglich diese 3 Konzerne Radio- und Fernsehverbreitung auch mit ihren deutschen K\u00fcnstlern beherrschen.<\/p>\n","protected":false},"excerpt":{"rendered":"<p>OLJO pr\u00e4sentiert die offizielle Liste: bei Facebook beliebteste deutsche Musik Stars 2014 (Januar 2014) Stand der Datenerhebung ist der 29.01.2014. Beliebtheitsma\u00dfstab ist die Zahl der auf den jeweiligen offiziellen Profilen&#8230;<\/p>\n","protected":false},"author":2,"featured_media":0,"parent":0,"menu_order":0,"comment_status":"open","ping_status":"closed","template":"","meta":{"footnotes":""},"class_list":["post-9626","page","type-page","status-publish","hentry"],"jetpack-related-posts":[{"id":7308,"url":"https:\/\/www.oljo.de\/blog\/top40-musikwebsites-deutschland2012\/","url_meta":{"origin":9626,"position":0},"title":"Top 40 Musikwebsites in Deutschland M\u00e4rz\/April 2012","author":"OLJO-Team","date":"6. Mai 2012","format":false,"excerpt":"Nach dem Vornehmen einer umfangreichen Studie ver\u00f6ffentlichen wir erstmals die Liste der 40 beliebtesten Musikwebsites in Deutschland. Ermittlungszeitraum waren M\u00e4rz und April 2012. \u00a0 Unsere kleine Website oljo.de kann sich in dem exklusiven Kreis der Top 40 Musikwebsites in Deutschland sogar platzieren. OLJO ist damit einer der gr\u00f6ssten von Medienunternhemen\u2026","rel":"","context":"Mit 1 Kommentar","block_context":{"text":"Mit 1 Kommentar","link":"https:\/\/www.oljo.de\/blog\/top40-musikwebsites-deutschland2012\/#comments"},"img":{"alt_text":"","src":"","width":0,"height":0},"classes":[]},{"id":1285,"url":"https:\/\/www.oljo.de\/blog\/top-10-groste-hits-deutschland-groste-schlager-seit-1949\/","url_meta":{"origin":9626,"position":1},"title":"Top 10 gr\u00f6\u00dfte Hits Deutschland &#8211; gr\u00f6\u00dfte Schlager seit 1949","author":"OLJO-Team","date":"1. Oktober 2009","format":false,"excerpt":"Aus Anla\u00df des Tags der Deutschen Einheit am 03.10.2009 hat der Fernsehsender ARD seine Zuschauer befragt, welche deutschen Schlager bzw. Popsongs, die seit Gr\u00fcndung der Bundesrepublik ver\u00f6ffentlicht wurden, die beliebtesten sind. Ergebnis war eine Top 30 Liste, die auch Hits aus den heutigen Bundesl\u00e4ndern enth\u00e4lt, die fr\u00fcher die \"DDR\" ausmachten.\u2026","rel":"","context":"In &quot;Charts Deutschland aktuell&quot;","block_context":{"text":"Charts Deutschland aktuell","link":"https:\/\/www.oljo.de\/blog\/themen\/chart-news-international\/charts-deutschland-aktuell\/"},"img":{"alt_text":"","src":"","width":0,"height":0},"classes":[]},{"id":7281,"url":"https:\/\/www.oljo.de\/blog\/oljo-blog-allzeit-top30-news\/","url_meta":{"origin":9626,"position":2},"title":"Top 30 Allzeit News","author":"OLJO-Team","date":"3. Mai 2012","format":false,"excerpt":"Hier die Liste der von den Besuchern des OLJO Blogs (https:\/\/www.oljo.de\/blog) meistgelesenen Newsartikel ever (Zeitraum 01.01.2009 bis 02.05.2012), sowie eine kleine Besucherstatistik. In dem genannten Zeitraum vermittelte OLJO Blog insgesamt 4.255.127 Seitenaufrufe. Herkunft der Besucher, die Seiten beim OLJO Blog mindestens 1 Seite aufgerufen haben: 87,1% stammten aus Deutschland, 3,5%\u2026","rel":"","context":"\u00c4hnlicher Beitrag","block_context":{"text":"\u00c4hnlicher Beitrag","link":""},"img":{"alt_text":"","src":"","width":0,"height":0},"classes":[]},{"id":7301,"url":"https:\/\/www.oljo.de\/blog\/radio-statistik-2012-die-grosten-sender-in-deutschland-berlin-und-nrw\/","url_meta":{"origin":9626,"position":3},"title":"Radio Statistik 2012: Die gr\u00f6\u00dften Sender in Deutschland, Berlin und NRW","author":"OLJO-Team","date":"6. Mai 2012","format":false,"excerpt":"OLJO pr\u00e4sentiert die Liste der bedeutendsten Radiostationen in Deutschland! Welche Radiosender (bzw. deren programmbestimmenden Redakteure) in Deutschland entscheiden durch ihre Abspielrotationen was ein Radio Airplay Hit wird? Welche Sender sind die Lieblingsstationen der Deutschen unter 30 Jahren? Die Listen, gestaffelt nach durchschnittlicher t\u00e4glicher H\u00f6rerreichweite im ersten Quartal 2012, sind nach\u2026","rel":"","context":"Mit 7 Kommentaren","block_context":{"text":"Mit 7 Kommentaren","link":"https:\/\/www.oljo.de\/blog\/radio-statistik-2012-die-grosten-sender-in-deutschland-berlin-und-nrw\/#comments"},"img":{"alt_text":"","src":"","width":0,"height":0},"classes":[]},{"id":66,"url":"https:\/\/www.oljo.de\/blog\/download-charts-em-songs\/","url_meta":{"origin":9626,"position":4},"title":"Download Charts: EM Songs","author":"OLJO-Team","date":"12. Juni 2008","format":false,"excerpt":"In der vergangenen Woche wurden von deutschen Musikkonsumenten \u00fcber 115.000 Downloads gekauft (Vorwoche: ca. 72.000), die das Thema Fussball Europameisterschaft bzw. Fussball im allgemeinen besingen. (W\u00e4hrend der EM wurden insgesamt \u00fcber 270.000 Downloads verkauft) Insgesamt 57 mal (Vorwoche: 46) belegen Songs mit diesem Thema Positionen innerhalb der Top 200 der\u2026","rel":"","context":"In &quot;Vermischtes&quot;","block_context":{"text":"Vermischtes","link":"https:\/\/www.oljo.de\/blog\/themen\/vermischtes\/"},"img":{"alt_text":"","src":"","width":0,"height":0},"classes":[]},{"id":9779,"url":"https:\/\/www.oljo.de\/blog\/power-play-clubbing-oljo-dance-hits-musikvideos-top-50\/","url_meta":{"origin":9626,"position":5},"title":"Dance &#038; House Top 50 Power Play. Dance Hits aktuell!","author":"OLJO-Team","date":"12. Februar 2014","format":false,"excerpt":"[su_box title=\"OLJO POWER PLAY CLUBBING\" style=\"noise\" box_color=\"#eeeeee\" title_color=\"#111111\" radius=\"5\"]Dance Musikvideo Top 50 der Woche im Endlos-Mix f\u00fcr Deine Party[\/su_box] Dance & House Top 50 Power Mix Woche 9\/2015 by OLJO: Die ultimative und brandaktuelle Dance TOP 50 der von Besuchern von oljo.de an diesem Wochenende (15.02.15 - 21.02.15) meistangesehenen clubtauglichen\u2026","rel":"","context":"\u00c4hnlicher Beitrag","block_context":{"text":"\u00c4hnlicher Beitrag","link":""},"img":{"alt_text":"","src":"","width":0,"height":0},"classes":[]}],"jetpack_sharing_enabled":true,"_links":{"self":[{"href":"https:\/\/www.oljo.de\/blog\/wp-json\/wp\/v2\/pages\/9626","targetHints":{"allow":["GET"]}}],"collection":[{"href":"https:\/\/www.oljo.de\/blog\/wp-json\/wp\/v2\/pages"}],"about":[{"href":"https:\/\/www.oljo.de\/blog\/wp-json\/wp\/v2\/types\/page"}],"author":[{"embeddable":true,"href":"https:\/\/www.oljo.de\/blog\/wp-json\/wp\/v2\/users\/2"}],"replies":[{"embeddable":true,"href":"https:\/\/www.oljo.de\/blog\/wp-json\/wp\/v2\/comments?post=9626"}],"version-history":[{"count":0,"href":"https:\/\/www.oljo.de\/blog\/wp-json\/wp\/v2\/pages\/9626\/revisions"}],"wp:attachment":[{"href":"https:\/\/www.oljo.de\/blog\/wp-json\/wp\/v2\/media?parent=9626"}],"curies":[{"name":"wp","href":"https:\/\/api.w.org\/{rel}","templated":true}]}}